10 - (-1 + 21 + -1) - 42) + 5 + -3.
-49
What is the value of 11 + 50 + -69 + (-3 - -19) - 117?
-109
What is the value of -42 - (-97 - (-62 - 8))?
-15
What is the value of (6 - (-5 - -22)) + 81 - 8?
62
What is (77 - 25) + -11 + -64?
-23
Calculate (-26 - (-16 - (13 + -11))) + -68 + (8 - 0).
-68
(1 - 18) + 27 + -14 - -38
34
What is the value of 0 + 26 - (-3144 - -3138)?
32
26 + 13 - ((10 - (-5 + 9)) + 0)
33
Calculate 72 + -6 - 14 - (-46 + 24 + (17 - 4)).
61
What is 108 - 10 - 56 - 41?
1
What is -3 + -1 + -17 - (2937 + -2956)?
-2
Evaluate (190 - 97) + (-33 - -7).
67
Calculate 70 - ((-76 - -36) + 67).
43
What is 42 + -135 - (-18 - 81)?
6
Evaluate (-108 - 0) + 67 + (-43 - -8).
-76
Evaluate 465 - 478 - (31 + 5 + -6).
-43
What is the value of -67 - (13 + -25 - (8 + 1))?
-46
Calculate 70 + (-32 - 3 - -53).
88
Calculate -11 + 7 + 25 + 3 - (7 - 0).
17
Evaluate -14 + 15 + -15 + (-63 - -15) + 2.
-60
5 - 1 - (88 + 48 + (-62 - 28))
-42
(2 + 12 + -29 - 17 - 20) + -8
-60
Evaluate -72 - -64 - -38 - -59.
89
What is the value of (59 - (8 + -11 - 4)) + (1 - 9)?
58
Evaluate -3 + 31 + -11 + -27 - 50.
-60
What is the value of -8 + 1 + (21 - 15) + 8 - 40 - 7?
-40
What is -1 + 51 + (15 - 83 - -54)?
36
36 - (-16 + -8 - 21) - (5 - -2)
74
What is the value of (96 - -7) + (-362 - -249)?
-10
Evaluate -114 + (15 - -17) - -26.
-56
What is the value of -29 - -2 - (-303 - (54 - 368))?
-38
-23 + (-19 - (-12 - 30))
0
-1 + -19 + (24 - (19 - -13) - -15)
-13
-5 + (-18 - (1 - 4)) - 12
-32
What is the value of (13 - -24) + -43 + -24?
-30
Evaluate 6 - (0 + -4 - (287 - 317 - (0 - 22))).
2
What is the value of 66 + -6 + 5 + -12 + -12 + 17 + 8?
66
Calculate -65 + (-47 - (-28 + -9 + 26)).
-101
What is 16 - (24 + -38 - -17) - (99 + 0)?
-86
What is 86 - 75 - (1 + 8 + -4 - 5 - -44)?
-33
What is -40 + -35 + 176 - 27?
74
Calculate (1 - 45) + 5 + -1 + (766 - 748).
-22
What is the value of -25 + (16 - ((14 - -16) + -6))?
-33
What is the value of 29 + 59 + -153 + 43?
-22
Evaluate -2 - ((1 - 4) + 12) - (-27 - (-53 + 26)).
-11
Calculate 85 - (-56 - (-42 + -131)).
-32
What is (-39 + 4 - (-346 + 330)) + 94?
75
Calculate 33 + (6 - 34) - -39.
44
19 - -2 - (39 + -118 - -59)
41
Evaluate 180 - 180 - ((-2 - (1 + 5)) + 3 + 2).
3
Evaluate -2 - (-7 + 2 + -3 + -7 + 56 + 2).
-45
What is -2 + 6 + -3 - 10 - (-45 + -2 - -12)?
26
Calculate -22 + (83 - 20 - (-3 - -21)).
23
What is 14 - (-32 + 3 + (19 + 0 - 1))?
25
What is the value of (71 - (-35 - -63)) + (0 - -1)?
44
What is the value of (11 - (-16 - -3)) + -11 + -33 + 7?
-13
Calculate 106 + -12 + -240 - -12.
-134
(-89 - (2 + (0 - 5)) - -1) + -5259 + 5270
-74
(-54 - 4 - (3 - 2)) + (-13 - -23)
-49
Calculate -10 - -4 - 1 - (15 + 5 - 20) - 51.
-58
Calculate 18 - ((-5 - -4) + 22) - (-1 - -33).
-35
Calculate (-12 - -2 - (-24 + 9 - -20)) + (3 - -2).
-10
Calculate -26 + (-4 - -2) + 18 + (-4 - 2).
-16
What is the value of (0 - -7) + 284 + -271 - 65?
-45
(-12 - (18 - 22) - (-3 + -1)) + 8
4
Evaluate 9 - (7 - -2) - (46 + -88).
42
(13 + 2 + -22 - 27) + 9
-25
-29 - ((25 - 27) + (-3 + 3 - -4) + 4)
-35
Calculate 1 - -23 - (10 + -51 + (-163 - -205)).
23
Calculate -51 + 89 + -43 - -8.
3
Evaluate -6 + (-1 - 2) - (-72 - 11 - 25).
99
13 + (-15 - (17 - 2 - 56))
39
What is 54 - 1 - (-26 + 213 + -208)?
74
Evaluate -24353 - -24390 - (1 - -52).
-16
What is 3 + (133 + -142 - (-2 - 0))?
-4
30 - (-3 - 49 - -15)
67
What is (10 - (57 + -12)) + 26 - (0 + 66)?
-75
What is the value of 13 + 0 - (-85 + 115 - (55 + -16))?
22
Calculate (-2 - (2 + 1 + (1 - -7))) + (444 - 451).
-20
What is the value of -4 + 6 + 21 + -14 + 23?
32
(-31 + -48 - -89) + -1 + 14
23
Calculate 14 + (-8 - -9) + -24 + 22 + -71.
-58
(-56 - -58) + (0 + -2 - (20 - -6)) + -12
-38
What is (65 - 104) + -28 + 2 + -4 + 0?
-69
-36 + (-133 - -139) + (0 - 18)
-48
What is the value of (-630 - -688) + -3 + 6 + -2 + -1 + 1?
59
Evaluate (3 - ((0 - -9) + -3)) + (88 - 91) - 8.
-14
What is -5 + 2 - -30 - ((-2 - 31) + -382 + 423)?
19
Evaluate (2 - (5 - 2) - (137 + -134)) + -14.
-18
Evaluate 54 - (1 + -19 - (-38 + -3 + 19)).
50
What is the value of -6 - (-69 + 1 + 13 + 58 + -86)?
77
60 - 2 - (638 - 597)
17
What is (-9 - (31 - 37)) + (-2 + -1 - -2) + -53?
-57
Evaluate 86 - (-1 + -14 - -57).
44
What is -39 - -2 - ((31 - 25) + 1) - -9?
-35
(0 - 1) + (361 + -369 - (-61 + 2))
50
Calculate -35 - (-4 + -50 - 23).
42
What is -160 + 129 + 58 + -3?
24
What is the value of (-29 + 72 - 33) + 47?
57
Calculate (-1 - (-4 - 2)) + 13 + -216 + 132.
-66
-14 - (8 + (18 - 18))
-22
What is (-38 - (-23 - 24)) + 30?
39
Calculate (15 - 30) + 55 + -25 - (-19 - -153).
-119
Calculate 66 + ((-29 - -17) + 4 - (-13 - 0)).
71
Evaluate -26 + 15 + (-24 - 2 - -47).
10
Calculate 3 + -12 + 38 + -21 - -17 - (1 - -2).
22
What is -18 - (2 - 13) - -5 - -10?
8
What is 889 + -938 - (12 - (3 + -1))?
-59
What is -17 - (11 - (9 - -6 - -4 - 7))?
-16
Evaluate 17 + -12 + -12 - -53 - 11.
35
What is the value of (94 - -9 - 81) + -35?
-13
27 + (4 - (14 - (12 + -4)))
25
What is the value of (-116 - -55) + 5 + 5 + (3 + -1 - 5)?
-54
(-108 - -73) + 100 - 111
-46
Calculate 127 + (25 - 47) + -13 - 24.
68
What is (-41 - 9) + 2 + 21?
-27
Calculate 2 - (1 - -13) - (-66 + (-4 - -6) + 2).
50
-145 + -35 + 195 - (6 - 3 - (-92 - -2))
-78
Evaluate (-64 - -36 - (-4 + -53)) + 22.
51
-10 - -5 - -98 - (196 - 177)
74
78 + -5 + 180 + -251
2
Calculate -113 + (15 - -87) - (7 + -3 + 3).
-18
(156 - 10) + -139 - (24 + (2 - 1))
-18
(-3 - 0) + -10 - (-63 + 10 + 52)
-12
Calculate -32 - (-30 - (85 - 43)).
40
(-89 - -91) + 8 + -6 + 14
18
Evaluate -238 - -252 - (4 - (3 - -2)) - 44.
-29
Evaluate (6 - 11) + (1 - ((2 - 10) + 9)).
-5
Calculate (7 + -1 + -1 - 55) + 49 + -53 + 2.
-52
What is the value of -61 - (2 - 1) - (-72 - -63 - 0)?
-53
What is the value of 2347 - 2241 - (1 + 58)?
47
What is (-75 - -76) + (37 - 39) + (-1 - -3) + 28?
29
49 + -8 + 35 + -118
-42
0 - -1 - ((-20 - (-31 - -18) - -15) + 11)
-18
Calculate -60 - (-20 + -3 + 38 - 6).
-69
Calculate 112 - (60 - -29) - (-28 + -1).
52
What is the value of -76 + (50 - 15) - (8 + -3)?
-46
Calculate (-11351 - -11570) + (-2 - 87).
130
What is the value of 1 + -14 + -72 + 103 + 16?
34
Calculate -19 + (-39 - -74) + -87 + -14.
-85
What is -137 - -40 - 36 - (-5 - -11 - -2)?
-141
Calculate 37 - (44 + -13) - 37.
-31
(-22 - (-2 - -1)) + (-18 - (10 - 9)) + 12
-28
Evaluate 0 - 1 - (1655 - 1656).
0
Calculate -42 + (-33 - -66 - 41).
-50
What is the value of (10 - -6) + -30 - 19 - (-4 - -7)?
-36
What is (46 - (4 - -79) - -39) + -1 + -35?
-34
(-3 + -1 + 2 - (760 - 779)) + 71
88
What is the value of 4 - 7 - (0 - (-17 - -8))?
-12
Evaluate (25 - (-39 - -6)) + 12 + -23.
47
What is 8 + (-58 - -81 - (-8 + 1 - -4))?
34
What is the value of 24 - -12 - (-29 - -98)?
-33
Evaluate -90 + 115 - 68 - 36.
-79
What is 4 - (16 - (-11 + -9 + 5 + 9 + 13))?
-5
What is the value of -5 - ((-2 - (2 + -7)) + -9) - (-18 - -25)?
-6
What is (-7 - (-16 - 0)) + -15 + (6 - 49) + 1?
-48
Calculate -4 - 14 - -3 - -44 - 23.
6
What is the value of 14 + -9 + 20 + 24 + -92?
-43
Calculate 3 + ((-4 - -2) + 11 - (521 - 506)).
-3
Evaluate -226 + 131 + 158 - 124.
-61
Evaluate -10 + (32 - (-46 + 42)).
26
What is (-25 + 98 - 114) + (2 + -12 - (1 + -2))?
-50
Calculate (6 - ((-9 - 1) + 26 - 11)) + 52.
53
What is the value of (-8 - (-14 + 8 + 2)) + (3 - 1) + -27?
-29
(-4 - (-5 + 1)) + 2 + (45 - 48) + 32
31
What is the value of (27 - (3 - -8)) + (-17 - 5)?
-6
27 - (-13 + 34 - -10)
-4
(0 - (-1 + -2)) + ((14 - 11) + -9 - -6)
3
20 - (-37 + 40 + -7)
24
What is the value of (3 - -1) + (42 - (-9 - (4 - 4))) - 1?
54
What is the value of 1 + -17 + (2 - 16 - (-8 + (3 - 2)))?
-23
Evaluate 59 + 1 + 8 + -1 + (-41 + -37 - -56).
45
What is (-9 - -1 - 1) + (-48 - (286 - 324))?
-19
Calculate 1 + 136 - 125 - (0 + -7).
19
-1 - (-10 - -6) - (62 + -48) - -29
18
What is (27 + -50 - 20 - -87) + -119?
-75
What is the value of -14 - (-35 + 143 - 32)?
-90
What is (2 - 0) + 192 + -135?
59
Evaluate -22 + -43 - (-80 - -26).
-11
Evaluate (-1 - (-106 + -1 + 4)) + (51 + 16 - 73).
96
Calculate (18 + 7 - 20) + -85.
-80
What is 2 + -116 + -5564 + 5663?
-15
Calculate -26 - (-12 - 62) - 96.
-48
Calculate 18 + -16 + (-10 + 8 + -1 - -51).
50
11 - (-3 - (-8 + 8 - (-15 - -3 - -4)))
22
Evaluate 9 + (-3 - (-4 - 1)) + (0 - (-48 + 65)).
-6
29 - (95 + (-14 - -15))
-67
Evaluate -2 - 49